ppose w*l + 0*l - 45 = 0. Suppose -f = -0 - 26. What is the remainder when f is divided by l?
8
Let q = 3 - -16. Calculate the remainder when q is divided by (10/(-6))/((-6)/36).
9
Let i = -17 + 23. Calculate the remainder when 8 is divided by i.
2
Suppose 4*p = -0*p + 44. What is the remainder when 31 is divided by p?
9
Suppose -2*r = -11 - 7. Suppose -i = -0 - r. Calculate the remainder when i - (-3 - 2*-1) is divided by 4.
2
Let u be (-4)/(-10)*(-10)/(-2). Calculate the remainder when 11 is divided by (11 - 5) + 0/u.
5
Let m = -59 - -74. Let h(s) = -179*s**2 - 2*s + 1. Let g be h(1). Let r = -121 - g. What is the remainder when r is divided by m?
14
Suppose -5*n - x = -3*x - 187, -x + 73 = 2*n. What is the remainder when 143 is divided by n?
32
Let q be (1 + -1)*(-2)/(-4). Suppose -3*a + a + 4 = q. Suppose 3*f + 6 = -3*i, 0 = -i + 4*f - 0*f + 18. What is the remainder when i is divided by a?
0
Let k(h) = 4*h**2 + h - 7. Calculate the remainder when k(-3) is divided by 6.
2
Let i = -1 - -5. Suppose -i*k + 2*k + 68 = 0. Let s(z) = -z**3 + 2*z**2 + 2*z. What is the remainder when k is divided by s(-2)?
10
Let y = 0 + -3. Calculate the remainder when (y + 18 - -2) + -4 is divided by 7.
6
Let r(p) = 20*p**3 - 2*p**2 + p + 1. Calculate the remainder when 158 is divided by r(1).
18
Let t = 52 - 18. Suppose -u - 27 = -4*u. Calculate the remainder when t is divided by u.
7
Let r(c) = -24*c - 15. Let k(l) = -16*l - 10. Let s(o) = 7*k(o) - 5*r(o). Let g be (99/44)/(6/16). Calculate the remainder when s(g) is divided by 18.
17
Suppose -f = -7*o + 6*o + 500, 0 = -f + 2. What is the remainder when o is divided by 56?
54
Suppose -2*l = -5*p - 4*l - 4, -5*l - 10 = 3*p. Suppose 48 = 4*x - 12. Let f = x + p. Calculate the remainder when 42 is divided by f.
12
Let i = 2 - -61. What is the remainder when i is divided by 13?
11
Let l(w) = w + 7. Let s be l(-6). Suppose s = u - 12. Calculate the remainder when u is divided by 4.
1
Let z = 13 - -49. Let n = 35 + -19. Calculate the remainder when z is divided by n.
14
Suppose 104 - 874 = -5*m. What is the remainder when m is divided by 31?
30
Let s be ((-4)/6)/((-2)/(-72)). Let d = -10 - s. What is the remainder when d is divided by 9?
5
Let r = 0 - 4. Calculate the remainder when 28 is divided by (5/r)/(5/(-40)).
8
Suppose 0*q - 15 = -q. What is the remainder when q is divided by 5?
0
Suppose 0 = -3*f + 5*c + 105, 0*f - 2*f - 5*c + 95 = 0. Suppose -8 = -5*r + 22. Let p = f + r. What is the remainder when p is divided by 16?
14
Suppose 1 = r - 12. Calculate the remainder when 37 is divided by r.
11
Let t = 29 - 20. Let x = t + 16. Let b(y) = -2*y**3 + 3*y + 3. What is the remainder when x is divided by b(-2)?
12
Let y(b) = b - 6. Let k be (-3 - -9) + (1 - -1). Let r be y(k). Suppose 162 = d + r*d. Calculate the remainder when d is divided by 14.
12
Let f(l) = -l**2 - 6*l + 4. Let t(n) = -n**2 - 11*n - 6. Calculate the remainder when t(-5) is divided by f(-3).
11
Let p = 1 - -7. Let j be 2 + 1 - (-2 - -3). What is the remainder when p is divided by -1*(-2 + (-6)/j)?
3
Calculate the remainder when -3 - ((-3)/(-5) - 2007/45) is divided by 11.
8
Let h = -12 - 4. Let s = -144 - 44. Calculate the remainder when 23 is divided by 1/4 + s/h.
11
Let o be -14 + 2 + 1 + -2. Let s = o - -18. Suppose 0 = s*k - 77 + 12. What is the remainder when 38 is divided by k?
12
Let c = -23 - -32. What is the remainder when 42 is divided by c?
6
Suppose 0 = 3*d + 5*c - 10, -4*d + 36 = 2*c - c. Let n = 12 - d. Suppose n*i - 67 = -11. What is the remainder when i is divided by 15?
13
Suppose -2*i - 35 = -7*i. Let c(m) = m - 9. Let w be c(i). Calculate the remainder when 25 is divided by 16 + -10 - (-1 + w).
7
Let q = -49 - -71. Suppose -7*u = -2*u + 60. What is the remainder when q is divided by (4/(-3))/(2/u)?
6
Let j be 3 + (-1 - (25 - -2)). Let y = j + 46. Suppose -q = 4*h - 23, 4*h - 37 - 8 = -3*q. Calculate the remainder when y is divided by q.
10
Let b = 26 - 16. Suppose -4 = -2*v + b. Suppose -c - 3 = -v. What is the remainder when 6 is divided by c?
2
Let j be (-4)/(-3 + (4 - 2)). Suppose 0 = 2*t + 3*o - 17, -4*o + 38 = j*t - 2*o. Let a = t - -1. What is the remainder when 19 is divided by a?
8
Let s = 81 - 71. What is the remainder when 57 is divided by s?
7
Let u = -89 - -107. Calculate the remainder when 104 is divided by u.
14
Let j be 5 - (-1)/(2/(-4)). Suppose -5*z + 209 = 2*x, -5*z + 2*x + 78 = -j*z. Calculate the remainder when z is divided by (-206)/(-10) - (-6)/15.
20
Let f(o) = 4*o**2 - 3*o - 3. Calculate the remainder when f(-2) is divided by (2/3)/(6/45).
4
Suppose -v - 12 = -5*v. Suppose 3 + 12 = 3*q. Suppose 2*l = -5*j - l + 4, -2*l - 14 = -q*j. What is the remainder when v is divided by j?
1
Let r(l) = -l**2 + 4*l + 4. Let a be r(5). Suppose 0*g = -g + 2. What is the remainder when a/2 - 7/(-2) is divided by g?
1
Let k = -50 - -73. Suppose 4*s - s - 30 = 0. What is the remainder when 884/20 - 2/s is divided by k?
21
Let b(y) = y + 29. Suppose -2*v + 7*v = 40. Calculate the remainder when b(0) is divided by v.
5
Let a(w) = 129*w**3 - w**2 + 2*w - 2. Let k be a(2). Suppose 0 = 3*h + 2*h - k. Calculate the remainder when h/8 + 2/8 is divided by 14.
12
Calculate the remainder when 418/4 + 3/(-2) is divided by 26.
25
Let a(v) = -v**2 - 8*v + 11. Calculate the remainder when 4 is divided by a(-9).
0
Let u = 9 - -27. Suppose -4*y = -32 - u. Calculate the remainder when y is divided by 6.
5
Let q be 1/(-1 + 0 - 0). Let k(n) = -8*n + 1. Calculate the remainder when (2/(-1) - -3)*26 is divided by k(q).
8
Let h(s) = -2*s**2 - 21*s + 9. What is the remainder when h(-10) is divided by 11?
8
Let z(i) = 6*i - 7. Calculate the remainder when z(7) is divided by 47/4 - (-2)/8.
11
Let x(c) = 8*c - 10. Let o be x(4). Let n = o - -15. Calculate the remainder when n is divided by 13.
11
Let o(b) be the third derivative of b**5/60 + b**4/3 + 3*b**3/2 - b**2. Calculate the remainder when 85 is divided by o(-10).
27
Let s = 16 + -1. What is the remainder when 42 is divided by s?
12
Suppose -4*a + 5*g + 433 = 0, -305 - 249 = -5*a + 2*g. What is the remainder when a is divided by 29?
25
Let v(g) = 4*g + 4. Let o be v(-5). Let x be o/(-6) + (-3)/(-9). Suppose -4*m + 23 = -x*m. Calculate the remainder when 68 is divided by m.
22
Suppose -264 = 3*k - 7*k. Let v = -46 + k. Suppose -z = 0, 16 - 5 = j - z. Calculate the remainder when v is divided by j.
9
What is the remainder when -26*2*(-4)/8 is divided by 14?
12
Let m(y) = -y**2 - 1. Let b be m(-3). Calculate the remainder when 19 is divided by (-11 + 1)/(10/b).
9
Suppose 0 = 2*u + 3*u - 15. Let h = u - -32. What is the remainder when h is divided by 12?
11
Let y = 77 - 20. Calculate the remainder when y is divided by 15.
12
Suppose -3*k = -1 - 29. Let y = k + -9. Calculate the remainder when 1 is divided by y.
0
Suppose 6 = -0*o + 2*o. Let f be (o/(-2))/((-15)/40). Suppose f*c = 7*c - 12. Calculate the remainder when c is divided by 2.
0
Suppose 37 = s - y, -6*y + 4*y = s - 40. Suppose -4*a = -3*a - s. What is the remainder when a is divided by 20?
18
Let t = 1 - -1. What is the remainder when 16 is divided by t + -2*1 - -9?
7
Suppose -2*r - 2*y = 2, -3 = -4*r + y + 8. Let p(d) = 2*d**3 - 3*d**2 + d + 2. Calculate the remainder when -1 + 2*11 + 1 is divided by p(r).
6
Let v be ((-7)/(-14))/(1/20). Suppose -2*x + 0*y = -y - 6, -5*x + v = -5*y. Calculate the remainder when 11 is divided by x.
3
Let q(n) = -21*n - 1. Suppose 4*m + 16 = -4*t, 3*t + 7 = 2*m - 0*m. What is the remainder when q(m) is divided by 11?
9
Suppose 0 = -7*z + 8*z - 29. Calculate the remainder when z is divided by 10.
9
Let n(u) = -2*u**3 - 7*u**2 + 8*u + 3. Calculate the remainder when n(-6) is divided by 34.
33
Suppose -d - 2*n + 16 = -0, -d + 11 = -3*n. Calculate the remainder when (-1)/(1309/440 - (-2 - -5)) is divided by d.
12
Let x(y) = 6*y**2 + 1. Calculate the remainder when 20 is divided by x(-1).
6
Suppose -7*o + 4 = -6*o. Let f = o - -33. Calculate the remainder when f is divided by 13.
11
Suppose -v + 4 + 4 = -4*w, 3*v - 11 = -w. Let l = v - 1. Suppose t - 20 = -3*x, -2*x = -5*x - 3*t + 30. What is the remainder when x is divided by l?
2
Let p(h) = 2*h - 2. Let k be p(2). Let a be 1 - -1 - k - 2. What is the r